90587?
5
What is the ten thousands digit of 584655?
8
What is the ten millions digit of 165947863?
6
What is the ten millions digit of 645693765?
4
What is the hundred thousands digit of 1463501733?
5
What is the hundred thousands digit of 61544644?
5
What is the hundreds digit of 832468367?
3
What is the hundred thousands digit of 333473802?
4
What is the millions digit of 72440640?
2
What is the hundred thousands digit of 7500621?
5
What is the ten millions digit of 498857293?
9
What is the millions digit of 26386419?
6
What is the hundreds digit of 96656523?
5
What is the hundred millions digit of 230665520?
2
What is the tens digit of 14609524?
2
What is the hundred thousands digit of 51854664?
8
What is the hundred thousands digit of 17630968?
6
What is the tens digit of 61050184?
8
What is the ten thousands digit of 501029914?
2
What is the hundreds digit of 8390985?
9
What is the ten millions digit of 64807636?
6
What is the thousands digit of 448860405?
0
What is the ten thousands digit of 697656029?
5
What is the thousands digit of 51145060?
5
What is the tens digit of 328541723?
2
What is the millions digit of 4580302?
4
What is the thousands digit of 97703262?
3
What is the ten thousands digit of 869682487?
8
What is the hundreds digit of 190875157?
1
What is the ten thousands digit of 3709614662?
1
What is the hundreds digit of 1853271274?
2
What is the ten thousands digit of 35808374?
0
What is the tens digit of 290599504?
0
What is the millions digit of 778111631?
8
What is the units digit of 375718424?
4
What is the tens digit of 31156856?
5
What is the millions digit of 1356454622?
6
What is the hundred thousands digit of 28257375?
2
What is the thousands digit of 126458077?
8
What is the thousands digit of 220692911?
2
What is the hundred thousands digit of 73284088?
2
What is the ten millions digit of 80344216?
8
What is the hundreds digit of 303070166?
1
What is the ten millions digit of 30808950?
3
What is the thousands digit of 3101085?
1
What is the hundred thousands digit of 791089591?
0
What is the hundreds digit of 282466067?
0
What is the hundreds digit of 37666147?
1
What is the units digit of 5666166?
6
What is the units digit of 14650141?
1
What is the units digit of 64297078?
8
What is the hundred thousands digit of 15763847?
7
What is the hundred millions digit of 4242930829?
2
What is the ten millions digit of 875123363?
7
What is the ten thousands digit of 86219425?
1
What is the hundred thousands digit of 1514458563?
4
What is the ten millions digit of 201339570?
0
What is the ten thousands digit of 54980199?
8
What is the millions digit of 2072136428?
2
What is the millions digit of 94097130?
4
What is the tens digit of 431928274?
7
What is the tens digit of 102011038?
3
What is the units digit of 58272723?
3
What is the thousands digit of 792926799?
6
What is the ten millions digit of 1539286938?
3
What is the hundreds digit of 271045964?
9
What is the ten millions digit of 804460729?
0
What is the units digit of 6293897?
7
What is the millions digit of 93531496?
3
What is the hundred millions digit of 111746287?
1
What is the billions digit of 2593061092?
2
What is the hundred thousands digit of 18501827?
5
What is the ten thousands digit of 922792272?
9
What is the ten thousands digit of 1526665880?
6
What is the units digit of 928025650?
0
What is the billions digit of 3260981102?
3
What is the hundred thousands digit of 7842872344?
8
What is the billions digit of 6392637386?
6
What is the thousands digit of 54436754?
6
What is the hundreds digit of 523959255?
2
What is the units digit of 13586845?
5
What is the ten millions digit of 956830048?
5
What is the ten thousands digit of 191190928?
9
What is the millions digit of 17335991?
7
What is the ten thousands digit of 105064932?
6
What is the tens digit of 244496409?
0
What is the hundreds digit of 1611698564?
5
What is the hundred millions digit of 3006606591?
0
What is the ten thousands digit of 392534469?
3
What is the thousands digit of 8385017680?
7
What is the ten thousands digit of 2340692753?
9
What is the hundreds digit of 47966581?
5
What is the tens digit of 68563328?
2
What is the units digit of 147690611?
1
What is the ten millions digit of 1006946651?
0
What is the billions digit of 3307077757?
3
What is the hundred thousands digit of 866108467?
1
What is the hundreds digit of 196739668?
6
What is the hundred thousands digit of 675781586?
7
What is the hundred thousands digit of 67597780?
5
What is the units digit of 137056479?
9
What is the hundred millions digit of 153186697?
1
What is the tens digit of 60074429?
2
What is the millions digit of 135442987?
5
What is the tens digit of 125676753?
5
What is the hundreds digit of 8024623?
6
What is the ten thousands digit of 406932416?
3
What is the ten thousands digit of 110451800?
5
What is the ten millions digit of 235667597?
3
What is the hundreds digit of 36491486?
4
What is the hundred millions digit of 509488707?
5
What is the tens digit of 117562549?
4
What is the ten thousands digit of 1320909416?
0
What is the billions digit of 1367204835?
1
What is the units digit of 111824799?
9
What is the thousands digit of 29734912?
4
What is the hundred thousands digit of 505935415?
9
What is the ten millions digit of 199016576?
9
What is the thousands digit of 49539776?
9
What is the millions digit of 79591799?
9
What is the units digit of 337798072?
2
What is the ten millions digit of 1007220819?
0
What is the thousands digit of 1126794155?
4
What is the ten millions digit of 2546482152?
4
What is the tens digit of 7163483?
8
What is the tens digit of 39153212?
1
What is the hundred thousands digit of 1330980019?
9
What is the units digit of 1636296076?
6
What is the hundred thousands digit of 230444837?
4
What is the ten millions digit of 104599230?
0
What is the ten thousands digit of 83884320?
8
What is the hundreds digit of 683132226?
2
What is the thousands digit of 761800494?
0
What is the millions digit of 178772465?
8
What is the units digit of 155859912?
2
What is the ten millions digit of 4242730632?
4
What is the thousands digit of 3139442942?
2
What is the tens digit of 272138521?
2
What is the hundred millions digit of 2418430650?
4
What is the thousands digit of 994929091?
9
What is the hundreds digit of 2040738910?
9
What is the millions digit of 175993611?
5
What is the hundred millions digit of 678738095?
6
What is the tens digit of 718631796?
9
What is the thousands digit of 2624741411?
1
What is the ten millions digit of 25381547?
2
What is the hundred thousands digit of 330218732?
2
What is the hundreds digit of 5673395205?
2
What is the thousands digit of 3578517?
8
What is the hundreds digit of 262556195?
1
What is the ten millions digit of 205459514?
0
What is the hundreds digit of 129597001?
0
What is the ten millions digit of 198678269?
9
What is the tens digit of 1123673180?
8
What is the hundred thousands digit of 95087963?
0
What is the ten thousands digit of 452221466?
2
What is the units digit of 162982084?
4
What is the ten millions digit of 7040638986?
4
What is the units digit of 91565918?
8
What is the hundred thousands digit of 10091564?
0
What is the units digit of 18787021?
1
What is the ten thousands digit of 195721665?
2
What is the ten thousands digit of 241440593?
4
What is the ten millions digit of 1392766146?
9
What is the ten millions digit of 15982908?
1
What is the hundred thousands digit of 480461500?
4
What is the thousands digit of 388307893?
7
What is the thousands digit of 202584244?
4
What is the hundred millions digit of 391154123?
3
What is the ten thousands digit of 308653104?
5
What is the hundred thousands digit of 25113312?
1
What is the units digit of 927221996?
6
What is the hundred thousands digit of 1195505608?
5
What is the ten millions digit of 1546683905?
4
What is the millions digit of 1027191254?
7
What is the ten millions digit of 186512299?
8
What is the hundred thousands digit of 84724410?
7
What is the thousands digit of 3639396505?
6
What is the units digit of 231827268?
8
What is the hundred thousands digit of 5084301?
0
What is the hundreds digit of 74072977?
9
What is the millions digit of 101993178?
1
What is the